Suppose 5*s = -3*m + 306, -4*s + 69 = m - u. Is m a prime number?
True
Let i = 0 - 0. Suppose 0 = 5*w + 3*m - m - 9, -w - 2*m - 3 = 0. Suppose d - 120 = -4*n + 151, i = -w*d + 4*n + 765. Is d prime?
False
Let z(x) = -x - 1. Let b be z(-4). Suppose -b*d - 316 = -3*c + 68, 143 = c + 4*d. Is c prime?
True
Let x = 995 + 44. Is x a composite number?
False
Suppose -2*y = 5*q - 1180, -3*y - 2*q = -936 - 812. Suppose 3*p = y + 443. Is p composite?
True
Let v(l) = -170*l - 1. Let u(z) = 170*z + 1. Let o(y) = 6*u(y) + 5*v(y). Is o(2) a prime number?
False
Is 2/(-6)*-6*(-14695)/(-10) a prime number?
True
Let m(d) = -4636*d + 177. Is m(-16) a composite number?
False
Is (108789/6)/((-43)/(-86)) prime?
True
Let d(u) = 240*u**3 - 2*u**2 - 3*u - 4. Let h be d(-2). Is 4/(-1) + h/(-6) composite?
False
Suppose 0 = -b + 5*b + 20. Is (134/10)/(b/(-25)) prime?
True
Suppose 77*d - 75*d = 4086. Let y = d + 178. Is y composite?
False
Let o = 1249 + -44. Is o composite?
True
Suppose -4*c - 2079 = -9419. Suppose 1102 + c = 3*z. Suppose -a = 4*i - 255, 4*i + z = 3*a + 230. Is a a prime number?
True
Let j(z) be the second derivative of 11*z**3/6 - 13*z**2/2 + 52*z. Let n = -18 + 28. Is j(n) composite?
False
Let v(f) = 7*f**2 + 18*f + 32. Is v(-11) prime?
False
Suppose 5*x = 1 + 19. Is 1149/15 - x/(-10) composite?
True
Let l(i) = i - 8. Let u be l(8). Suppose -4 = -4*z - 5*w + 21, u = z - 3*w + 15. Suppose z = -2*n - 4*f + 366, -2*f - 13 + 5 = 0. Is n a prime number?
True
Let a = -595 - -1132. Is a composite?
True
Let w(g) = 25*g**2 + 2*g + 1. Let z be w(-1). Let v(m) = 31*m**2 + 5 + m + 0*m + z*m**2. Is v(4) a prime number?
False
Let y be ((-5)/5 + 3)/(4/46). Suppose 0 = -0*v + 2*v - 28. Let g = y - v. Is g a prime number?
False
Let r(f) = 2*f + 43. Let c be r(-12). Suppose 40069 = -2*s + c*s. Is s prime?
True
Suppose -5*w + w = -12. Suppose -a + w*a - 3*r + 3 = 0, -3*a - 21 = r. Let b(d) = -d**2 - 7*d + 4. Is b(a) a prime number?
False
Let v = -6 - -18. Let y(m) = m**3 - 11*m**2 - m - 5. Is y(v) prime?
True
Let i = 33 - 24. Suppose -i*y - 1137 = -12*y. Is y composite?
False
Let u(y) = 89*y**2 - 2. Let k be (-10)/(-6) - (-8)/24. Let m be u(k). Suppose 5*l = -l + m. Is l prime?
True
Suppose -2*q + 19*q - 29563 = 0. Let z = q - 576. Is z a prime number?
True
Is (12869/68)/(1268/1264 + -1) composite?
True
Let p(n) = 58*n**2 - 7*n + 23. Is p(22) a composite number?
False
Suppose 19*h - 89375 = 155592. Is h a prime number?
True
Is (5548/6 - -1)*(96 - 93) a prime number?
True
Suppose 609 + 2424 = 3*t. Suppose t = -4*p + 5575. Is p prime?
False
Is (3203*-1)/((20 + -10)/(-50)) a composite number?
True
Suppose -9*b + 11*b = -1598. Let d = 1440 + b. Is d prime?
True
Let j(u) = -u**2 + 4*u + 1. Let y be j(3). Suppose y = -w + 106. Suppose 31*t + w = 34*t. Is t composite?
True
Suppose 2*j - 11950 = 2*m, 4*m = 13*j - 12*j - 5987. Is j composite?
True
Let i be ((-375)/(-4))/(2/8). Let x be ((-8)/(-10))/((-14)/(-35)). Suppose 5*f + x*s = i, 2*s + 0*s + 318 = 4*f. Is f prime?
False
Let g(k) = -k**2 + 7*k - 5. Let l be g(6). Is l/7*-2 - 988/(-28) a composite number?
True
Let r(u) = -u**2 - 15*u + 1895. Is r(0) prime?
False
Is (0 - 1)/(940198/(-313397) + 3) a composite number?
False
Suppose -3*c - 2 = 7. Let w = c + 1. Let z(t) = -4*t**3 - t**2 + 2*t + 1. Is z(w) composite?
True
Let c(u) = -20*u - 37. Let t(a) = -7*a - 13. Let j(f) = -3*c(f) + 8*t(f). Is j(1) a composite number?
False
Let w(m) = -m**3 + 58*m**2 + 41*m + 137. Is w(55) composite?
False
Let k(r) = -r**3 - 49*r**2 - 56*r + 105. Is k(-48) composite?
True
Let q(b) = b**2 + 10*b + 8. Let v be q(-8). Let g = -3 - v. Suppose 0 = g*p + 181 - 476. Is p a prime number?
True
Suppose -2*y + 27 = -3*i + 71, -2*y = -4. Suppose 4*q - 24 = i. Is 4/q - 353/(-5) prime?
True
Suppose -5*p + 2*i + 2161 + 3086 = 0, -5 = 5*i. Is p composite?
False
Suppose -o - 2*d = -5, -2*o + 4*d = 4 + 18. Let m = -12 - 121. Is m*(-2)/(-6)*o a composite number?
True
Suppose k - 52 - 79 = 5*q, 5*k - 575 = 5*q. Suppose 4*j - 2*g = -g + 1211, 0 = 2*g + 6. Suppose -j = -m + k. Is m prime?
False
Suppose -3*j + 23191 = 2*v, 0 = 3*j + 4*v + 4418 - 27613. Is j a prime number?
False
Let o(d) = 701*d - 272. Is o(9) a composite number?
False
Suppose q + 336 = -7*q. Let n = q + 79. Is n a composite number?
False
Let c = 6 + 6. Let n = -8 + c. Suppose -4*q = 4*w - 2*q - 180, 0 = n*q - 16. Is w composite?
False
Let g(q) = 31*q - 13. Let c be (36/15)/((-1)/(-10)). Suppose -c - 12 = -3*w. Is g(w) composite?
False
Let w be -3 - (-6 + -3) - 1/1. Suppose 0 = y + 1 + 1, l + w*y - 1077 = 0. Is l a prime number?
True
Suppose 5 = 5*t - 20. Suppose 4*u - 2*v - 10 = 3*v, -t*u + v = -2. Suppose -4*r = -4*d - 1692, u*r - 2111 = -5*r + 4*d. Is r prime?
True
Suppose -4*z + 85632 - 17492 = 0. Is z prime?
False
Let q be 2/(-6) - 32/(-24). Let s be (-7*q)/(-5 + 6). Is 3*1 - s*28 a composite number?
False
Let q be -2 + (-3)/((-3)/(-245)). Let h = q - -561. Is h a prime number?
False
Let l(o) = -o**3 + 8*o**2 + 3*o - 5. Is l(7) a prime number?
False
Let m(j) be the second derivative of 11*j**3/6 + 5*j**2/2 - j. Let d(z) = 2*z - 7. Let q be d(5). Is m(q) a prime number?
False
Suppose 5*x = 27838 - 9683. Suppose 4*j - x - 53 = 0. Suppose -4*w + w = -2*d - j, 4*w - 5*d = 1228. Is w a prime number?
True
Suppose 8*o = 1452 + 4556. Suppose -5*a - o = -4266. Is a composite?
True
Suppose 3*c - 16 = -c. Is (-1113)/(3/(-3)) + c a prime number?
True
Let h = -11 + 19. Let k(s) = -58*s - 14. Let u be k(h). Is (4 + -5)*-1 - u a composite number?
False
Let w = 18 - 9. Let f = 9 - w. Suppose f = -2*m + 137 + 101. Is m a prime number?
False
Let y(t) = t - 4. Let b(g) = -g**3 - 10*g**2 - 2*g - 13. Let m be b(-10). Let n be y(m). Suppose n*u - 2*f = 111, -u - 3*f + 2 = -46. Is u a composite number?
True
Let j(y) = -y**3 - 8*y**2 - 5*y + 11. Let c be j(-7). Is c/(1 - (-36)/(-30)) a composite number?
True
Let h(r) = -r**2 + 2. Let q be h(0). Let i(u) = u - 5 + 4*u**q + 4*u + 5*u + u. Is i(-8) composite?
False
Let y(t) = 7227*t**3 + t**2 + 1. Is y(1) composite?
False
Let a(d) = 791*d - 2. Let x be a(1). Suppose 2*f + x = 3*f. Is f a composite number?
True
Suppose -40 = -h + 5*h. Let a = h + 10. Suppose a*d = 3*d - 57. Is d a prime number?
True
Suppose -6799 = -9*n + 34124. Is n composite?
False
Is 11*505/(-15)*-3 prime?
False
Let v(c) = -3*c - 23 + 2*c**2 + c - 7*c**2 + 2*c**3 + 24. Is v(10) a composite number?
False
Suppose -n = -5, -4*n = -4*d - 2*n + 58. Let i = d + -12. Suppose 0 = 3*f - 2*b - 799, 2*f - 3*f = -i*b - 275. Is f a composite number?
True
Let c = 5426 + 353. Is c prime?
True
Let c(d) = -2*d**2 - 7*d - 7. Let t be c(-5). Let q = t - -24. Suppose 5*o = -q*h + 727, -62 - 233 = -2*o - 5*h. Is o composite?
True
Suppose 0 = f - 4 - 12. Suppose -2*o - 4*q = f, o + 21 = -o - 5*q. Is 4774/33 + o/6 a prime number?
False
Suppose -361*r + 351*r + 435950 = 0. Is r composite?
True
Let i be (250/(-13))/(-5) - (-2)/13. Is i/(-10) - 4/(40/(-6774)) a prime number?
True
Let p = -1551 - -4594. Let n = -1682 + p. Is n a composite number?
False
Suppose 3*n = 2*w + 47903 - 1432, -5*n + 77458 = 3*w. Is n composite?
True
Let s = -4 + 7. Suppose -5*o - 28 = s*g + 3, 4*o + 20 = -2*g. Is (677/(-3))/(4/g) a composite number?
False
Let k = -252 - -1152. Let r = k - 31. Is r prime?
False
Let d(w) = -10 + 32*w**2 + 17 - 8. Is d(2) composite?
False
Suppose 0 = -f + 3 + 7. Suppose 0 = -f*y + 5*y - 5. Is 1*((-38)/y + -1) prime?
True
Let i(m) = 41*m + 11. Let s(p) = 5*p + 5 + 5*p + 10*p. Let r(u) = 6*i(u) - 13*s(u). Is r(-3) prime?
True
Suppose -2*g - 22395 = -127133. Is g prime?
True
Suppose 2*g - 42528 = 2*l, 2*g = g - 5*l + 21294. Is g prime?
True
Suppose 0 = -2*j - 5*d - 1794, 0 = -d - 3 + 1. Is 33/22*j/(-6) composite?
False
Is 35 + -39 - (3/3 + -2926) a composite number?
True
Let z = 21 + -13. Suppose 3 = -5*h - 4*n + 10, -4*h + z = 2*n. Suppose 4*o + 770 = 2*f, 2*f - o = -h*o + 782. Is f prime?
True
Is -17865*1/(-1) + (-228)/38 a composite number?
True
Let a be (9/6)/((-9)/(-156)). Let d(n) = 14*n**3 - n**2. Let x be d(1). Let k = a - x. Is k a prime number?
True
Suppose -3*g = -z - 12, -4*z + 2 = -3*g + 5. Suppose 6*k - g = k. Is ((-249)/(-15))/(k/5) composite?
False
Suppose b + 2*g - 271 = 1338, 5*g - 20 = 0. Is b a composi